{"id":514,"date":"2024-02-03T20:07:42","date_gmt":"2024-02-03T20:07:42","guid":{"rendered":"https:\/\/hibelia.com\/?page_id=514"},"modified":"2024-02-03T20:09:52","modified_gmt":"2024-02-03T20:09:52","slug":"informacion-previa-a-la-recogida-de-curriculum-vitae","status":"publish","type":"page","link":"https:\/\/hibelia.com\/?page_id=514","title":{"rendered":"INFORMACI\u00d3N PREVIA A LA RECOGIDA DE \u00abCURRICULUM VITAE\u00bb"},"content":{"rendered":"\t\t<div data-elementor-type=\"wp-page\" data-elementor-id=\"514\" class=\"elementor elementor-514\" data-elementor-post-type=\"page\">\n\t\t\t\t<div class=\"elementor-element elementor-element-96ac096 e-flex e-con-boxed e-con e-parent\" data-id=\"96ac096\" data-element_type=\"container\" data-e-type=\"container\">\n\t\t\t\t\t<div class=\"e-con-inner\">\n\t\t\t\t<div class=\"elementor-element elementor-element-4a051de elementor-widget elementor-widget-heading\" data-id=\"4a051de\" data-element_type=\"widget\" data-e-type=\"widget\" data-widget_type=\"heading.default\">\n\t\t\t\t<div class=\"elementor-widget-container\">\n\t\t\t\t\t<h2 class=\"elementor-heading-title elementor-size-default\">CONSENTIMIENTO A LA RECOGIDA DE CURRICULUM VITAE<\/h2>\t\t\t\t<\/div>\n\t\t\t\t<\/div>\n\t\t\t\t\t<\/div>\n\t\t\t\t<\/div>\n\t\t<div class=\"elementor-element elementor-element-f29d733 e-flex e-con-boxed e-con e-parent\" data-id=\"f29d733\" data-element_type=\"container\" data-e-type=\"container\">\n\t\t\t\t\t<div class=\"e-con-inner\">\n\t\t\t\t<div class=\"elementor-element elementor-element-354e402 elementor-widget elementor-widget-text-editor\" data-id=\"354e402\" data-element_type=\"widget\" data-e-type=\"widget\" data-widget_type=\"text-editor.default\">\n\t\t\t\t<div class=\"elementor-widget-container\">\n\t\t\t\t\t\t\t\t\t<p>De conformidad con el REGLAMENTO (UE) 2016\/679, de 27 de abril de 2016 del Parlamento Europeo y del Consejo relativo a la Protecci\u00f3n de las personas f\u00edsicas en lo que respecta al tratamiento de sus datos personales y a la libre circulaci\u00f3n de los mismos, se le informa de lo siguiente:<\/p>\t\t\t\t\t\t\t\t<\/div>\n\t\t\t\t<\/div>\n\t\t\t\t\t<\/div>\n\t\t\t\t<\/div>\n\t\t<div class=\"elementor-element elementor-element-26ade0f e-flex e-con-boxed e-con e-parent\" data-id=\"26ade0f\" data-element_type=\"container\" data-e-type=\"container\">\n\t\t\t\t\t<div class=\"e-con-inner\">\n\t\t\t\t<div class=\"elementor-element elementor-element-b1cbdc5 elementor-widget elementor-widget-text-editor\" data-id=\"b1cbdc5\" data-element_type=\"widget\" data-e-type=\"widget\" data-widget_type=\"text-editor.default\">\n\t\t\t\t<div class=\"elementor-widget-container\">\n\t\t\t\t\t\t\t\t\t<table border=\"1\" cellspacing=\"0\" cellpadding=\"0\" align=\"left\"><tbody><tr><td colspan=\"2\"><p class=\"rtecenter\"><strong>Informaci\u00f3n b\u00e1sica sobre Protecci\u00f3n de datos<\/strong><\/p><\/td><\/tr><tr><td><p><strong>\u00a0Responsable:<\/strong><\/p><\/td><td><p>\u00a0INSULAR CANARIA DE HIGIENE, S.L.U.<\/p><\/td><\/tr><tr><td><p><strong>\u00a0Finalidad:<\/strong><\/p><\/td><td><p>\u00a0Realizar los procesos de selecci\u00f3n de personal<\/p><\/td><\/tr><tr><td><p><strong>\u00a0Legitimaci\u00f3n:<\/strong><\/p><\/td><td><p>\u00a0Consentimiento del interesado.<\/p><\/td><\/tr><tr><td><p><strong>\u00a0Destinatarios:<\/strong><\/p><\/td><td><p>\u00a0No se ceder\u00e1n datos a terceros, salvo obligaci\u00f3n legal.<\/p><\/td><\/tr><tr><td><p><strong>\u00a0Derechos:<\/strong><\/p><\/td><td><p>\u00a0Tiene derecho a acceder, rectificar y suprimir los datos, as\u00ed como otros derechos, indicados en la informaci\u00f3n adicional, que puede ejercer Dirigi\u00e9ndose a la direcci\u00f3n del responsable del\u00a0 \u00a0tratamiento<\/p><\/td><\/tr><tr><td><p><strong>\u00a0Procedencia:<\/strong><\/p><\/td><td><p>\u00a0El propio interesado.<\/p><\/td><\/tr><tr><td><p><strong>\u00a0Informaci\u00f3n\u00a0 \u00a0 \u00a0adicional:<\/strong><\/p><\/td><td><p>\u00a0Puede consultar informaci\u00f3n adicional y detallada sobre Protecci\u00f3n de Datos dirigi\u00e9ndose a la direcci\u00f3n del responsable del tratamiento<\/p><\/td><\/tr><\/tbody><\/table>\t\t\t\t\t\t\t\t<\/div>\n\t\t\t\t<\/div>\n\t\t\t\t\t<\/div>\n\t\t\t\t<\/div>\n\t\t<div class=\"elementor-element elementor-element-609732c e-flex e-con-boxed e-con e-parent\" data-id=\"609732c\" data-element_type=\"container\" data-e-type=\"container\">\n\t\t\t\t\t<div class=\"e-con-inner\">\n\t\t\t\t<div class=\"elementor-element elementor-element-c9dc31f elementor-widget elementor-widget-text-editor\" data-id=\"c9dc31f\" data-element_type=\"widget\" data-e-type=\"widget\" data-widget_type=\"text-editor.default\">\n\t\t\t\t<div class=\"elementor-widget-container\">\n\t\t\t\t\t\t\t\t\t<div>AUTORIZACI\u00d3N A LA RECOGIDA DE DATOS PERSONALES<\/div><div><p>Yo D\/D\u00f1a. ______________________________________________ con DNI ______________ manifiesto quedar enterado de la informaci\u00f3n referida al tratamiento de datos de car\u00e1cter personal por parte de la empresa INSULAR CANARIA DE HIGIENE, S.L.U. y autorizo a dicha empresa a realizar el tratamiento de datos anteriormente descrito.<\/p><p>Fima: ______________________________<\/p><p>\u00a0<\/p><\/div><p><strong>1.\u00a0 \u00a0\u00bfQui\u00e9n es el responsable del tratamiento de sus datos?<\/strong><\/p><p class=\"rteindent1\">INSULAR CANARIA DE HIGIENE, S.L.U.<br \/>B35819481<br \/>CALLE JOS\u00c9\u00a0S\u00c1NCHEZ FRANCO, 5 &#8211; 35107 &#8211; SAN BARTOLOM\u00c8 DE TIRAJANA &#8211; LAS PALMAS<br \/>928728474<br \/><span style=\"color: #0dbbb6;\"><a style=\"color: #0dbbb6;\" href=\"mailto:administracion@hibelia.com\">administracion@hibelia.com<\/a><\/span><\/p><p><strong>2.\u00a0 \u00a0\u00bfCon qu\u00e9 finalidad tratamos sus datos personales?<\/strong><\/p><p class=\"rteindent1\">En INSULAR CANARIA DE HIGIENE, S.L.U. tratamos la informaci\u00f3n que nos facilitan las personas interesadas con el fin de Realizar los procesos de selecci\u00f3n de personal.<\/p><p><strong>3.\u00a0 \u00a0\u00bfPor cu\u00e1nto tiempo conservaremos sus datos?<\/strong><\/p><p class=\"rteindent1\">Un a\u00f1o.<\/p><p><strong>4.\u00a0 \u00a0\u00bfCu\u00e1l es la legitimaci\u00f3n para el tratamiento de sus datos?<\/strong><\/p><p class=\"rteindent1\">Le indicamos la base legal para el tratamiento de sus datos:<\/p><ul><li><p class=\"rteindent1\">Consentimiento del interesado: Participar en los procesos de selecci\u00f3n de personal<\/p><\/li><\/ul><p><strong>5.\u00a0 \u00a0\u00bfA qu\u00e9 destinatarios se comunicar\u00e1n sus datos?<\/strong><\/p><p class=\"rteindent1\">No se ceder\u00e1n datos a terceros, salvo obligaci\u00f3n legal.<\/p><p><strong>6.\u00a0 \u00a0Transferencias de datos a terceros pa\u00edses<\/strong><\/p><p class=\"rteindent1\">No est\u00e1n previstas transferencias de datos a terceros pa\u00edses.<\/p><p><strong>7.\u00a0 \u00a0\u00bfCu\u00e1les son sus derechos cuando nos facilita sus datos?<\/strong><\/p><p class=\"rteindent1\">Cualquier persona tiene derecho a obtener confirmaci\u00f3n sobre si en INSULAR CANARIA DE HIGIENE, S.L.U. estamos tratando datos personales que les conciernan, o no.<\/p><p class=\"rteindent1\">Las personas interesadas tienen derecho a acceder a sus datos personales, as\u00ed como a solicitar la rectificaci\u00f3n de los datos inexactos o, en su caso, solicitar su supresi\u00f3n cuando, entre otros motivos, los datos ya no sean necesarios para los fines que fueron recogidos.<\/p><p class=\"rteindent1\">En determinadas circunstancias, los interesados podr\u00e1n solicitar la limitaci\u00f3n del tratamiento de sus datos, en cuyo caso \u00fanicamente los conservaremos para el ejercicio o la defensa de reclamaciones.<\/p><p class=\"rteindent1\">En determinadas circunstancias y por motivos relacionados con su situaci\u00f3n particular, los interesados podr\u00e1n oponerse al tratamiento de sus datos. En este caso, INSULAR CANARIA DE HIGIENE, S.L.U. dejar\u00e1 de tratar los datos, salvo por motivos leg\u00edtimos imperiosos, o el ejercicio o la defensa de posibles reclamaciones.<\/p><p class=\"rteindent1\">Podr\u00e1 ejercitar materialmente sus derechos de la siguiente forma: Dirigi\u00e9ndose a la direcci\u00f3n del responsable del tratamiento<\/p><p class=\"rteindent1\">Si ha otorgado su consentimiento para alguna finalidad concreta, tiene derecho a retirar el consentimiento otorgado en cualquier momento, sin que ello afecte a la licitud del tratamiento basado en el consentimiento previo a su retirada.<\/p><p class=\"rteindent1\">En caso de que sienta vulnerados sus derechos en lo concerniente a la protecci\u00f3n de sus datos personales, especialmente cuando no haya obtenido satisfacci\u00f3n en el ejercicio de sus derechos, puede presentar una reclamaci\u00f3n ante la Autoridad de Control en materia de Protecci\u00f3n de Datos competente a trav\u00e9s de su sitio web:<span style=\"color: #0dbbb6;\">\u00a0<a style=\"color: #0dbbb6;\" href=\"http:\/\/www.agpd.es\/\">www.agpd.es<\/a><\/span>.<\/p><p><strong>8.\u00a0 \u00a0\u00bfC\u00f3mo hemos obtenido sus datos?<\/strong><\/p><p class=\"rteindent1\">Los datos personales que tratamos en INSULAR CANARIA DE HIGIENE, S.L.U. proceden del propio interesado.<\/p><p class=\"rteindent1\">Las categor\u00edas de datos que se tratan son:<\/p><ul><li><p class=\"rteindent1\">Datos identificativos<\/p><\/li><li><p class=\"rteindent1\">Direcciones postales y electr\u00f3nicas<\/p><\/li><li><p class=\"rteindent1\">Informaci\u00f3n comercial<\/p><\/li><\/ul><p class=\"rteindent1\">No se tratan categor\u00edas especiales de datos personales (son aquellos datos que revelen el origen \u00e9tnico o racial, las opiniones pol\u00edticas, las convicciones religiosas o filos\u00f3ficas, o la afiliaci\u00f3n sindical, datos gen\u00e9ticos, datos biom\u00e9tricos dirigidos a identificar de manera un\u00edvoca a una persona f\u00edsica, datos relativos a la salud o datos relativos a la vida sexual o la orientaci\u00f3n sexual de una persona f\u00edsica).<\/p>\t\t\t\t\t\t\t\t<\/div>\n\t\t\t\t<\/div>\n\t\t\t\t\t<\/div>\n\t\t\t\t<\/div>\n\t\t\t\t<\/div>\n\t\t","protected":false},"excerpt":{"rendered":"<p>CONSENTIMIENTO A LA RECOGIDA DE CURRICULUM VITAE De conformidad con el REGLAMENTO (UE) 2016\/679, de 27 de abril de 2016 del Parlamento Europeo y del Consejo relativo a la Protecci\u00f3n de las personas f\u00edsicas en lo que respecta al tratamiento de sus datos personales y a la libre circulaci\u00f3n de los mismos, se le informa [&hellip;]<\/p>\n","protected":false},"author":2,"featured_media":0,"parent":0,"menu_order":0,"comment_status":"closed","ping_status":"closed","template":"","meta":{"footnotes":""},"class_list":["post-514","page","type-page","status-publish","hentry"],"_links":{"self":[{"href":"https:\/\/hibelia.com\/index.php?rest_route=\/wp\/v2\/pages\/514","targetHints":{"allow":["GET"]}}],"collection":[{"href":"https:\/\/hibelia.com\/index.php?rest_route=\/wp\/v2\/pages"}],"about":[{"href":"https:\/\/hibelia.com\/index.php?rest_route=\/wp\/v2\/types\/page"}],"author":[{"embeddable":true,"href":"https:\/\/hibelia.com\/index.php?rest_route=\/wp\/v2\/users\/2"}],"replies":[{"embeddable":true,"href":"https:\/\/hibelia.com\/index.php?rest_route=%2Fwp%2Fv2%2Fcomments&post=514"}],"version-history":[{"count":9,"href":"https:\/\/hibelia.com\/index.php?rest_route=\/wp\/v2\/pages\/514\/revisions"}],"predecessor-version":[{"id":523,"href":"https:\/\/hibelia.com\/index.php?rest_route=\/wp\/v2\/pages\/514\/revisions\/523"}],"wp:attachment":[{"href":"https:\/\/hibelia.com\/index.php?rest_route=%2Fwp%2Fv2%2Fmedia&parent=514"}],"curies":[{"name":"wp","href":"https:\/\/api.w.org\/{rel}","templated":true}]}}

INFORMACIÓN PREVIA A LA RECOGIDA DE «CURRICULUM VITAE»

<div data-elementor-type="wp-page" data-elementor-id="514" class="elementor elementor-514" data-elementor-post-type="page">
				<div class="elementor-element elementor-element-96ac096 e-flex e-con-boxed e-con e-parent" data-id="96ac096" data-element_type="container" data-e-type="container">
					<div class="e-con-inner">
				<div class="elementor-element elementor-element-4a051de elementor-widget elementor-widget-heading" data-id="4a051de" data-element_type="widget" data-e-type="widget" data-widget_type="heading.default">
				<div class="elementor-widget-container">
					<h2 class="elementor-heading-title elementor-size-default">CONSENTIMIENTO A LA RECOGIDA DE CURRICULUM VITAE</h2>				</div>
				</div>
					</div>
				</div>
		<div class="elementor-element elementor-element-f29d733 e-flex e-con-boxed e-con e-parent" data-id="f29d733" data-element_type="container" data-e-type="container">
					<div class="e-con-inner">
				<div class="elementor-element elementor-element-354e402 elementor-widget elementor-widget-text-editor" data-id="354e402" data-element_type="widget" data-e-type="widget" data-widget_type="text-editor.default">
				<div class="elementor-widget-container">
									<p>De conformidad con el REGLAMENTO (UE) 2016/679, de 27 de abril de 2016 del Parlamento Europeo y del Consejo relativo a la Protección de las personas físicas en lo que respecta al tratamiento de sus datos personales y a la libre circulación de los mismos, se le informa de lo siguiente:</p>								</div>
				</div>
					</div>
				</div>
		<div class="elementor-element elementor-element-26ade0f e-flex e-con-boxed e-con e-parent" data-id="26ade0f" data-element_type="container" data-e-type="container">
					<div class="e-con-inner">
				<div class="elementor-element elementor-element-b1cbdc5 elementor-widget elementor-widget-text-editor" data-id="b1cbdc5" data-element_type="widget" data-e-type="widget" data-widget_type="text-editor.default">
				<div class="elementor-widget-container">
									<table border="1" cellspacing="0" cellpadding="0" align="left"><tbody><tr><td colspan="2"><p class="rtecenter"><strong>Información básica sobre Protección de datos</strong></p></td></tr><tr><td><p><strong> Responsable:</strong></p></td><td><p> INSULAR CANARIA DE HIGIENE, S.L.U.</p></td></tr><tr><td><p><strong> Finalidad:</strong></p></td><td><p> Realizar los procesos de selección de personal</p></td></tr><tr><td><p><strong> Legitimación:</strong></p></td><td><p> Consentimiento del interesado.</p></td></tr><tr><td><p><strong> Destinatarios:</strong></p></td><td><p> No se cederán datos a terceros, salvo obligación legal.</p></td></tr><tr><td><p><strong> Derechos:</strong></p></td><td><p> Tiene derecho a acceder, rectificar y suprimir los datos, así como otros derechos, indicados en la información adicional, que puede ejercer Dirigiéndose a la dirección del responsable del   tratamiento</p></td></tr><tr><td><p><strong> Procedencia:</strong></p></td><td><p> El propio interesado.</p></td></tr><tr><td><p><strong> Información     adicional:</strong></p></td><td><p> Puede consultar información adicional y detallada sobre Protección de Datos dirigiéndose a la dirección del responsable del tratamiento</p></td></tr></tbody></table>								</div>
				</div>
					</div>
				</div>
		<div class="elementor-element elementor-element-609732c e-flex e-con-boxed e-con e-parent" data-id="609732c" data-element_type="container" data-e-type="container">
					<div class="e-con-inner">
				<div class="elementor-element elementor-element-c9dc31f elementor-widget elementor-widget-text-editor" data-id="c9dc31f" data-element_type="widget" data-e-type="widget" data-widget_type="text-editor.default">
				<div class="elementor-widget-container">
									<div>AUTORIZACIÓN A LA RECOGIDA DE DATOS PERSONALES</div><div><p>Yo D/Dña. ______________________________________________ con DNI ______________ manifiesto quedar enterado de la información referida al tratamiento de datos de carácter personal por parte de la empresa INSULAR CANARIA DE HIGIENE, S.L.U. y autorizo a dicha empresa a realizar el tratamiento de datos anteriormente descrito.</p><p>Fima: ______________________________</p><p> </p></div><p><strong>1.   ¿Quién es el responsable del tratamiento de sus datos?</strong></p><p class="rteindent1">INSULAR CANARIA DE HIGIENE, S.L.U.<br />B35819481<br />CALLE JOSÉ SÁNCHEZ FRANCO, 5 &#8211; 35107 &#8211; SAN BARTOLOMÈ DE TIRAJANA &#8211; LAS PALMAS<br />928728474<br /><span style="color: #0dbbb6;"><a style="color: #0dbbb6;" href="mailto:administracion@hibelia.com">administracion@hibelia.com</a></span></p><p><strong>2.   ¿Con qué finalidad tratamos sus datos personales?</strong></p><p class="rteindent1">En INSULAR CANARIA DE HIGIENE, S.L.U. tratamos la información que nos facilitan las personas interesadas con el fin de Realizar los procesos de selección de personal.</p><p><strong>3.   ¿Por cuánto tiempo conservaremos sus datos?</strong></p><p class="rteindent1">Un año.</p><p><strong>4.   ¿Cuál es la legitimación para el tratamiento de sus datos?</strong></p><p class="rteindent1">Le indicamos la base legal para el tratamiento de sus datos:</p><ul><li><p class="rteindent1">Consentimiento del interesado: Participar en los procesos de selección de personal</p></li></ul><p><strong>5.   ¿A qué destinatarios se comunicarán sus datos?</strong></p><p class="rteindent1">No se cederán datos a terceros, salvo obligación legal.</p><p><strong>6.   Transferencias de datos a terceros países</strong></p><p class="rteindent1">No están previstas transferencias de datos a terceros países.</p><p><strong>7.   ¿Cuáles son sus derechos cuando nos facilita sus datos?</strong></p><p class="rteindent1">Cualquier persona tiene derecho a obtener confirmación sobre si en INSULAR CANARIA DE HIGIENE, S.L.U. estamos tratando datos personales que les conciernan, o no.</p><p class="rteindent1">Las personas interesadas tienen derecho a acceder a sus datos personales, así como a solicitar la rectificación de los datos inexactos o, en su caso, solicitar su supresión cuando, entre otros motivos, los datos ya no sean necesarios para los fines que fueron recogidos.</p><p class="rteindent1">En determinadas circunstancias, los interesados podrán solicitar la limitación del tratamiento de sus datos, en cuyo caso únicamente los conservaremos para el ejercicio o la defensa de reclamaciones.</p><p class="rteindent1">En determinadas circunstancias y por motivos relacionados con su situación particular, los interesados podrán oponerse al tratamiento de sus datos. En este caso, INSULAR CANARIA DE HIGIENE, S.L.U. dejará de tratar los datos, salvo por motivos legítimos imperiosos, o el ejercicio o la defensa de posibles reclamaciones.</p><p class="rteindent1">Podrá ejercitar materialmente sus derechos de la siguiente forma: Dirigiéndose a la dirección del responsable del tratamiento</p><p class="rteindent1">Si ha otorgado su consentimiento para alguna finalidad concreta, tiene derecho a retirar el consentimiento otorgado en cualquier momento, sin que ello afecte a la licitud del tratamiento basado en el consentimiento previo a su retirada.</p><p class="rteindent1">En caso de que sienta vulnerados sus derechos en lo concerniente a la protección de sus datos personales, especialmente cuando no haya obtenido satisfacción en el ejercicio de sus derechos, puede presentar una reclamación ante la Autoridad de Control en materia de Protección de Datos competente a través de su sitio web:<span style="color: #0dbbb6;"> <a style="color: #0dbbb6;" href="http://www.agpd.es/">www.agpd.es</a></span>.</p><p><strong>8.   ¿Cómo hemos obtenido sus datos?</strong></p><p class="rteindent1">Los datos personales que tratamos en INSULAR CANARIA DE HIGIENE, S.L.U. proceden del propio interesado.</p><p class="rteindent1">Las categorías de datos que se tratan son:</p><ul><li><p class="rteindent1">Datos identificativos</p></li><li><p class="rteindent1">Direcciones postales y electrónicas</p></li><li><p class="rteindent1">Información comercial</p></li></ul><p class="rteindent1">No se tratan categorías especiales de datos personales (son aquellos datos que revelen el origen étnico o racial, las opiniones políticas, las convicciones religiosas o filosóficas, o la afiliación sindical, datos genéticos, datos biométricos dirigidos a identificar de manera unívoca a una persona física, datos relativos a la salud o datos relativos a la vida sexual o la orientación sexual de una persona física).</p>								</div>
				</div>
					</div>
				</div>
				</div>

<p>CONSENTIMIENTO A LA RECOGIDA DE CURRICULUM VITAE De conformidad con el REGLAMENTO (UE) 2016/679, de 27 de abril de 2016 del Parlamento Europeo y del Consejo relativo a la Protección de las personas físicas en lo que respecta al tratamiento de sus datos personales y a la libre circulación de los mismos, se le informa [&hellip;]</p>
