{"id":1468,"date":"2024-09-28T08:32:45","date_gmt":"2024-09-28T08:32:45","guid":{"rendered":"https:\/\/hibelia.com\/?page_id=1468"},"modified":"2024-09-28T08:35:26","modified_gmt":"2024-09-28T08:35:26","slug":"seguridad-alimentaria","status":"publish","type":"page","link":"https:\/\/hibelia.com\/?page_id=1468","title":{"rendered":"SEGURIDAD ALIMENTARIA"},"content":{"rendered":"\t\t<div data-elementor-type=\"wp-page\" data-elementor-id=\"1468\" class=\"elementor elementor-1468\" data-elementor-post-type=\"page\">\n\t\t\t\t<div class=\"elementor-element elementor-element-ac3b61c e-flex e-con-boxed e-con e-parent\" data-id=\"ac3b61c\" data-element_type=\"container\" data-e-type=\"container\">\n\t\t\t\t\t<div class=\"e-con-inner\">\n\t\t\t\t<div class=\"elementor-element elementor-element-e492f9f elementor-widget elementor-widget-heading\" data-id=\"e492f9f\" data-element_type=\"widget\" data-e-type=\"widget\" data-widget_type=\"heading.default\">\n\t\t\t\t<div class=\"elementor-widget-container\">\n\t\t\t\t\t<h2 class=\"elementor-heading-title elementor-size-default\">SEGURIDAD ALIMENTARIA<\/h2>\t\t\t\t<\/div>\n\t\t\t\t<\/div>\n\t\t\t\t\t<\/div>\n\t\t\t\t<\/div>\n\t\t<div class=\"elementor-element elementor-element-774d169 e-flex e-con-boxed e-con e-parent\" data-id=\"774d169\" data-element_type=\"container\" data-e-type=\"container\">\n\t\t\t\t\t<div class=\"e-con-inner\">\n\t\t<div class=\"elementor-element elementor-element-7cea9a3 e-con-full e-flex e-con e-child\" data-id=\"7cea9a3\" data-element_type=\"container\" data-e-type=\"container\">\n\t\t\t\t<div class=\"elementor-element elementor-element-8e2c205 elementor-invisible elementor-widget elementor-widget-image\" data-id=\"8e2c205\" data-element_type=\"widget\" data-e-type=\"widget\" data-settings=\"{&quot;_animation&quot;:&quot;fadeInLeft&quot;}\" data-widget_type=\"image.default\">\n\t\t\t\t<div class=\"elementor-widget-container\">\n\t\t\t\t\t\t\t\t\t\t\t\t\t\t\t<img fetchpriority=\"high\" decoding=\"async\" width=\"555\" height=\"308\" src=\"https:\/\/hibelia.com\/wp-content\/uploads\/2024\/02\/servicios-3.png\" class=\"attachment-large size-large wp-image-340\" alt=\"\" srcset=\"https:\/\/hibelia.com\/wp-content\/uploads\/2024\/02\/servicios-3.png 555w, https:\/\/hibelia.com\/wp-content\/uploads\/2024\/02\/servicios-3-300x166.png 300w\" sizes=\"(max-width: 555px) 100vw, 555px\" \/>\t\t\t\t\t\t\t\t\t\t\t\t\t\t\t<\/div>\n\t\t\t\t<\/div>\n\t\t\t\t<\/div>\n\t\t<div class=\"elementor-element elementor-element-0bf2fc0 e-con-full e-flex e-con e-child\" data-id=\"0bf2fc0\" data-element_type=\"container\" data-e-type=\"container\">\n\t\t\t\t<div class=\"elementor-element elementor-element-e776857 elementor-invisible elementor-widget elementor-widget-text-editor\" data-id=\"e776857\" data-element_type=\"widget\" data-e-type=\"widget\" data-settings=\"{&quot;_animation&quot;:&quot;fadeInUp&quot;}\" data-widget_type=\"text-editor.default\">\n\t\t\t\t<div class=\"elementor-widget-container\">\n\t\t\t\t\t\t\t\t\t<p>En HIBELIA somos conscientes de la necesidad que tienen nuestros clientes de ofrecer unos alimentos saludables, nutritivos y sobre todo con absoluta seguridad de inocuidad.<\/p><p>Por eso nos esforzamos en avanzar hacia sistemas que garanticen que los requisitos legales se cumplen y que, adem\u00e1s, se cubren unos objetivos de seguridad alimentaria m\u00e1s exigentes. Adaptamos los proyectos de seguridad alimentaria a cualquier clase de operador alimentario (canal HORECA, industria alimentaria, distribuidores\u2026).<\/p><p>Ofrecemos el desarrollo integral de sistemas de autocontrol, desde el dise\u00f1o hasta la implantaci\u00f3n y validaci\u00f3n de los m\u00e9todos de aseguramiento de la calidad higi\u00e9nica de los productos alimenticios ofrecidos al consumidor final. Esto incluye sistemas basados en el an\u00e1lisis de peligros y puntos de control cr\u00edtico (APPCC) adaptados a cada caso concreto. Elaboraci\u00f3n de gu\u00edas de buenas pr\u00e1cticas, sistemas basados en prerrequisitos y sistemas APPCC.<\/p><p>Igual de importante en la seguridad alimentaria es la formaci\u00f3n adecuada del personal manipulador, de ah\u00ed que personalicemos los planes de formaci\u00f3n de nuestros clientes, tanto en contenido como en la frecuencia de sesiones formativas. As\u00ed mismo, ofrecemos formaci\u00f3n de manipulador de alimentos para la obtenci\u00f3n de los correspondientes certificados reglamentarios seg\u00fan el sector en que trabaje.<\/p>\t\t\t\t\t\t\t\t<\/div>\n\t\t\t\t<\/div>\n\t\t\t\t<\/div>\n\t\t\t\t\t<\/div>\n\t\t\t\t<\/div>\n\t\t\t\t<\/div>\n\t\t","protected":false},"excerpt":{"rendered":"<p>SEGURIDAD ALIMENTARIA En HIBELIA somos conscientes de la necesidad que tienen nuestros clientes de ofrecer unos alimentos saludables, nutritivos y sobre todo con absoluta seguridad de inocuidad. Por eso nos esforzamos en avanzar hacia sistemas que garanticen que los requisitos legales se cumplen y que, adem\u00e1s, se cubren unos objetivos de seguridad alimentaria m\u00e1s exigentes. [&hellip;]<\/p>\n","protected":false},"author":2,"featured_media":0,"parent":0,"menu_order":0,"comment_status":"closed","ping_status":"closed","template":"","meta":{"footnotes":""},"class_list":["post-1468","page","type-page","status-publish","hentry"],"_links":{"self":[{"href":"https:\/\/hibelia.com\/index.php?rest_route=\/wp\/v2\/pages\/1468","targetHints":{"allow":["GET"]}}],"collection":[{"href":"https:\/\/hibelia.com\/index.php?rest_route=\/wp\/v2\/pages"}],"about":[{"href":"https:\/\/hibelia.com\/index.php?rest_route=\/wp\/v2\/types\/page"}],"author":[{"embeddable":true,"href":"https:\/\/hibelia.com\/index.php?rest_route=\/wp\/v2\/users\/2"}],"replies":[{"embeddable":true,"href":"https:\/\/hibelia.com\/index.php?rest_route=%2Fwp%2Fv2%2Fcomments&post=1468"}],"version-history":[{"count":7,"href":"https:\/\/hibelia.com\/index.php?rest_route=\/wp\/v2\/pages\/1468\/revisions"}],"predecessor-version":[{"id":1475,"href":"https:\/\/hibelia.com\/index.php?rest_route=\/wp\/v2\/pages\/1468\/revisions\/1475"}],"wp:attachment":[{"href":"https:\/\/hibelia.com\/index.php?rest_route=%2Fwp%2Fv2%2Fmedia&parent=1468"}],"curies":[{"name":"wp","href":"https:\/\/api.w.org\/{rel}","templated":true}]}}